e the remainder when 8929 is divided by 1163.
788
Calculate the remainder when 52310 is divided by 515.
295
What is the remainder when 10346 is divided by 157?
141
What is the remainder when 245422 is divided by 139?
87
What is the remainder when 1334 is divided by 616?
102
Calculate the remainder when 1121267 is divided by 310.
307
Calculate the remainder when 6951 is divided by 30.
21
What is the remainder when 768988 is divided by 93?
64
What is the remainder when 13442 is divided by 17?
12
Calculate the remainder when 3756 is divided by 167.
82
What is the remainder when 5456 is divided by 28?
24
What is the remainder when 476391 is divided by 94?
93
Calculate the remainder when 165157 is divided by 307.
298
Calculate the remainder when 9093 is divided by 242.
139
Calculate the remainder when 945 is divided by 139.
111
Calculate the remainder when 10142 is divided by 162.
98
Calculate the remainder when 13014 is divided by 464.
22
Calculate the remainder when 5048 is divided by 58.
2
What is the remainder when 86951 is divided by 28968?
47
What is the remainder when 48090 is divided by 327?
21
Calculate the remainder when 8328 is divided by 3.
0
What is the remainder when 7184 is divided by 75?
59
What is the remainder when 1923 is divided by 92?
83
Calculate the remainder when 10668 is divided by 411.
393
Calculate the remainder when 19635 is divided by 41.
37
What is the remainder when 277 is divided by 129?
19
Calculate the remainder when 26851 is divided by 5367.
16
Calculate the remainder when 2602 is divided by 85.
52
Calculate the remainder when 313153 is divided by 45.
43
What is the remainder when 4402 is divided by 3644?
758
Calculate the remainder when 6936458 is divided by 20.
18
Calculate the remainder when 111738 is divided by 148.
146
What is the remainder when 15427 is divided by 359?
349
What is the remainder when 7573 is divided by 700?
573
What is the remainder when 6134 is divided by 236?
234
Calculate the remainder when 4760 is divided by 525.
35
Calculate the remainder when 32549 is divided by 105.
104
What is the remainder when 299571 is divided by 102?
99
What is the remainder when 200052 is divided by 279?
9
Calculate the remainder when 2148 is divided by 239.
236
Calculate the remainder when 115901 is divided by 316.
245
Calculate the remainder when 12207 is divided by 74.
71
What is the remainder when 160 is divided by 145?
15
What is the remainder when 48154 is divided by 6?
4
What is the remainder when 20180 is divided by 2882?
6
What is the remainder when 3856 is divided by 232?
144
Calculate the remainder when 8075 is divided by 805.
25
What is the remainder when 58951 is divided by 786?
1
What is the remainder when 18014 is divided by 1403?
1178
What is the remainder when 25970 is divided by 151?
149
What is the remainder when 19868 is divided by 995?
963
What is the remainder when 9473 is divided by 169?
9
What is the remainder when 52229 is divided by 124?
25
What is the remainder when 13787 is divided by 4502?
281
What is the remainder when 518002 is divided by 54?
34
What is the remainder when 395868 is divided by 21?
18
What is the remainder when 841 is divided by 269?
34
What is the remainder when 18112 is divided by 43?
9
Calculate the remainder when 61050 is divided by 4067.
45
Calculate the remainder when 12860 is divided by 3051.
656
What is the remainder when 137080 is divided by 134?
132
What is the remainder when 67594 is divided by 22531?
1
Calculate the remainder when 1112008 is divided by 3.
1
What is the remainder when 56704 is divided by 4048?
32
What is the remainder when 257255 is divided by 7?
5
Calculate the remainder when 147023 is divided by 243.
8
Calculate the remainder when 672 is divided by 218.
18
What is the remainder when 4052 is divided by 237?
23
What is the remainder when 62699 is divided by 570?
569
What is the remainder when 1363151 is divided by 274?
1
Calculate the remainder when 549724 is divided by 14.
0
Calculate the remainder when 33653 is divided by 49.
39
What is the remainder when 47838 is divided by 3416?
14
What is the remainder when 13573 is divided by 32?
5
What is the remainder when 41540 is divided by 207?
140
What is the remainder when 256831 is divided by 56?
15
Calculate the remainder when 94843 is divided by 7.
0
Calculate the remainder when 245 is divided by 84.
77
Calculate the remainder when 153574 is divided by 38359.
138
What is the remainder when 57717 is divided by 4808?
21
What is the remainder when 167789 is divided by 27961?
23
What is the remainder when 19403 is divided by 132?
131
What is the remainder when 5013 is divided by 21?
15
What is the remainder when 939 is divided by 146?
63
Calculate the remainder when 50174 is divided by 154.
124
What is the remainder when 128248 is divided by 32058?
16
What is the remainder when 28033 is divided by 113?
9
Calculate the remainder when 1579 is divided by 1546.
33
Calculate the remainder when 73457 is divided by 22.
21
What is the remainder when 10843 is divided by 55?
8
What is the remainder when 29986 is divided by 68?
66
What is the remainder when 24850 is divided by 38?
36
Calculate the remainder when 2804877 is divided by 260.
257
What is the remainder when 6892 is divided by 373?
178
Calculate the remainder when 14056 is divided by 198.
196
Calculate the remainder when 36073 is divided by 220.
213
What is the remainder when 1899 is divided by 1854?
45
Calculate the remainder when 51338 is divided by 130.
118
Calculate the remainder when 53710 is divided by 13.
7
Calculate the remainder when 5076 is divided by 846.
0
What is the remainder when 34137 is divided by 4?
1
Calculate the remainder when 146507 is divided by 25.
7
What is the remainder when 613101 is divided by 159?
156
Calculate the remainder when 56282 is divided by 28117.
48
What is the remainder when 16759 is divided by 57?
1
Calculate the remainder when 3702 is divided by 1845.
12
Calculate the remainder when 34636 is divided by 11544.
4
What is the remainder when 43795 is divided by 39?
37
What is the remainder when 6505 is divided by 3248?
9
What is the remainder when 839508 is divided by 11?
10
Calculate the remainder when 59866 is divided by 42.
16
What is the remainder when 6269 is divided by 1233?
104
Calculate the remainder when 10907 is divided by 3623.
38
Calculate the remainder when 227540 is divided by 67.
8
What is the remainder when 8709 is divided by 36?
33
What is the remainder when 3089 is divided by 309?
308
What is the remainder when 189 is divided by 105?
84
What is the remainder when 94389 is divided by 207?
204
What is the remainder when 13678 is divided by 896?
238
What is the remainder when 17722 is divided by 312?
250
Calculate the remainder when 76223 is divided by 28.
7
Calculate the remainder when 395 is divided by 119.
38
What is the remainder when 38613 is divided by 9651?
9
What is the remainder when 1119 is divided by 401?
317
What is the remainder when 20752 is divided by 247?
4
Calculate the remainder when 61047 is divided by 172.
159
Calculate the remainder when 6921 is divided by 497.
460
What is the remainder when 167341 is divided by 69?
16
What is the remainder when 51569 is divided by 992?
977
Calculate the remainder when 778 is divided by 242.
52
Calculate the remainder when 889 is divided by 111.
1
Calculate the remainder when 2932 is divided by 1401.
130
Calculate the remainder when 4221 is divided by 1371.
108
What is the remainder when 33690 is divided by 11212?
54
What is the remainder when 3031014 is divided by 13?
12
Calculate the remainder when 7971 is divided by 869.
150
Calculate the remainder when 35684 is divided by 3242.
22
What is the remainder when 510248 is divided by 325?
323
What is the remainder when 8740 is divided by 8635?
105
Calculate the remainder when 4906 is divided by 365.
161
Calculate the remainder when 42931 is divided by 4290.
31
Calculate the remainder when 225480 is divided by 75160.
0
What is the remainder when 13794 is divided by 70?
4
Calculate the remainder when 64339 is divided by 78.
67
What is the remainder when 1631948 is divided by 20?
8
Calculate the remainder when 9212 is divided by 18.
14
What is the remainder when 9108 is divided by 60?
48
C